{"id":92,"date":"2018-08-30T17:33:35","date_gmt":"2018-08-30T15:33:35","guid":{"rendered":"http:\/\/lesarchers-stmartinois.fr\/?page_id=92"},"modified":"2025-10-22T12:34:29","modified_gmt":"2025-10-22T10:34:29","slug":"presentation","status":"publish","type":"page","link":"https:\/\/lesarchers-stmartinois.fr\/?page_id=92","title":{"rendered":"Membres Dirigeants"},"content":{"rendered":"<p><span style=\"text-decoration: underline;\"><strong>Pr\u00e9sidente<\/strong><\/span> : Claudia JAKUSIC\u00a0<\/p>\n<p><span style=\"text-decoration: underline;\"><strong>Vice-Pr\u00e9sident<\/strong><\/span> : Fran\u00e7ois KEMPA<\/p>\n<p><span style=\"text-decoration: underline;\"><strong>Tr\u00e9sorier<\/strong><\/span> : Quentin CLARETON<\/p>\n<p><span style=\"text-decoration: underline;\"><strong>Secr\u00e9taire<\/strong><\/span> : Anne Caroline GIRARD<\/p>\n<p><span style=\"text-decoration: underline;\"><strong>Membres du CA<\/strong><\/span> : Marion GIRARD, David OLIVE, Yann LORTHIOIR<\/p>\n<p><span style=\"text-decoration: underline;\"><strong>Entraineurs<\/strong><\/span> : Nicolas GIRARD (Technicien sportif), Stephan LORTHIOIR (Entra\u00eeneur 1), Audrey KIENER (Coach mental et Brevet d&#8217;Etat), Alan ALTADIL (Entra\u00eeneur F\u00e9d\u00e9ral)<\/p>\n<p><strong><span style=\"text-decoration: underline;\">Encadrants<\/span>\u00a0:<\/strong> Marion GIRARD, Claudia JAKUSIC, David OLIVE, Vincent BARBES, C\u00e9line BOUCHE<\/p>\n<p><span style=\"text-decoration: underline;\"><strong>Arbitres<\/strong><\/span> : Fran\u00e7ois KEMPA\u00a0<\/p>\n\n\n<p><\/p>\n","protected":false},"excerpt":{"rendered":"<p>Pr\u00e9sidente : Claudia JAKUSIC\u00a0 Vice-Pr\u00e9sident : Fran\u00e7ois KEMPA Tr\u00e9sorier : Quentin CLARETON Secr\u00e9taire : Anne Caroline GIRARD Membres du CA : Marion GIRARD, David OLIVE, Yann LORTHIOIR Entraineurs : Nicolas GIRARD (Technicien sportif), Stephan LORTHIOIR (Entra\u00eeneur 1), Audrey KIENER (Coach mental et Brevet d&#8217;Etat), Alan ALTADIL (Entra\u00eeneur F\u00e9d\u00e9ral) Encadrants\u00a0: Marion GIRARD, Claudia JAKUSIC, David OLIVE, [&hellip;]<\/p>\n","protected":false},"author":1,"featured_media":0,"parent":0,"menu_order":0,"comment_status":"closed","ping_status":"closed","template":"","meta":{"footnotes":""},"yoast_head":"<!-- This site is optimized with the Yoast SEO plugin v19.10 - https:\/\/yoast.com\/wordpress\/plugins\/seo\/ -->\n<title>Membres Dirigeants - Les Archers St Martinois<\/title>\n<meta name=\"robots\" content=\"index, follow, max-snippet:-1, max-image-preview:large, max-video-preview:-1\" \/>\n<link rel=\"canonical\" href=\"https:\/\/lesarchers-stmartinois.fr\/?page_id=92\" \/>\n<meta property=\"og:locale\" content=\"en_US\" \/>\n<meta property=\"og:type\" content=\"article\" \/>\n<meta property=\"og:title\" content=\"Membres Dirigeants - Les Archers St Martinois\" \/>\n<meta property=\"og:description\" content=\"Pr\u00e9sidente : Claudia JAKUSIC\u00a0 Vice-Pr\u00e9sident : Fran\u00e7ois KEMPA Tr\u00e9sorier : Quentin CLARETON Secr\u00e9taire : Anne Caroline GIRARD Membres du CA : Marion GIRARD, David OLIVE, Yann LORTHIOIR Entraineurs : Nicolas GIRARD (Technicien sportif), Stephan LORTHIOIR (Entra\u00eeneur 1), Audrey KIENER (Coach mental et Brevet d&#8217;Etat), Alan ALTADIL (Entra\u00eeneur F\u00e9d\u00e9ral) Encadrants\u00a0: Marion GIRARD, Claudia JAKUSIC, David OLIVE, [&hellip;]\" \/>\n<meta property=\"og:url\" content=\"https:\/\/lesarchers-stmartinois.fr\/?page_id=92\" \/>\n<meta property=\"og:site_name\" content=\"Les Archers St Martinois\" \/>\n<meta property=\"article:modified_time\" content=\"2025-10-22T10:34:29+00:00\" \/>\n<meta name=\"twitter:card\" content=\"summary_large_image\" \/>\n<meta name=\"twitter:label1\" content=\"Est. reading time\" \/>\n\t<meta name=\"twitter:data1\" content=\"1 minute\" \/>\n<script type=\"application\/ld+json\" class=\"yoast-schema-graph\">{\"@context\":\"https:\/\/schema.org\",\"@graph\":[{\"@type\":\"WebPage\",\"@id\":\"https:\/\/lesarchers-stmartinois.fr\/?page_id=92\",\"url\":\"https:\/\/lesarchers-stmartinois.fr\/?page_id=92\",\"name\":\"Membres Dirigeants - Les Archers St Martinois\",\"isPartOf\":{\"@id\":\"https:\/\/lesarchers-stmartinois.fr\/#website\"},\"datePublished\":\"2018-08-30T15:33:35+00:00\",\"dateModified\":\"2025-10-22T10:34:29+00:00\",\"breadcrumb\":{\"@id\":\"https:\/\/lesarchers-stmartinois.fr\/?page_id=92#breadcrumb\"},\"inLanguage\":\"en-US\",\"potentialAction\":[{\"@type\":\"ReadAction\",\"target\":[\"https:\/\/lesarchers-stmartinois.fr\/?page_id=92\"]}]},{\"@type\":\"BreadcrumbList\",\"@id\":\"https:\/\/lesarchers-stmartinois.fr\/?page_id=92#breadcrumb\",\"itemListElement\":[{\"@type\":\"ListItem\",\"position\":1,\"name\":\"Home\",\"item\":\"https:\/\/lesarchers-stmartinois.fr\/\"},{\"@type\":\"ListItem\",\"position\":2,\"name\":\"Membres Dirigeants\"}]},{\"@type\":\"WebSite\",\"@id\":\"https:\/\/lesarchers-stmartinois.fr\/#website\",\"url\":\"https:\/\/lesarchers-stmartinois.fr\/\",\"name\":\"Les Archers St Martinois\",\"description\":\"Les Flamants Roses \",\"publisher\":{\"@id\":\"https:\/\/lesarchers-stmartinois.fr\/#organization\"},\"potentialAction\":[{\"@type\":\"SearchAction\",\"target\":{\"@type\":\"EntryPoint\",\"urlTemplate\":\"https:\/\/lesarchers-stmartinois.fr\/?s={search_term_string}\"},\"query-input\":\"required name=search_term_string\"}],\"inLanguage\":\"en-US\"},{\"@type\":\"Organization\",\"@id\":\"https:\/\/lesarchers-stmartinois.fr\/#organization\",\"name\":\"Les Archers St Martinois\",\"url\":\"https:\/\/lesarchers-stmartinois.fr\/\",\"logo\":{\"@type\":\"ImageObject\",\"inLanguage\":\"en-US\",\"@id\":\"https:\/\/lesarchers-stmartinois.fr\/#\/schema\/logo\/image\/\",\"url\":\"https:\/\/lesarchers-stmartinois.fr\/wp-content\/uploads\/2022\/05\/cropped-Logo-club-2.jpg\",\"contentUrl\":\"https:\/\/lesarchers-stmartinois.fr\/wp-content\/uploads\/2022\/05\/cropped-Logo-club-2.jpg\",\"width\":400,\"height\":571,\"caption\":\"Les Archers St Martinois \"},\"image\":{\"@id\":\"https:\/\/lesarchers-stmartinois.fr\/#\/schema\/logo\/image\/\"}}]}<\/script>\n<!-- \/ Yoast SEO plugin. -->","yoast_head_json":{"title":"Membres Dirigeants - Les Archers St Martinois","robots":{"index":"index","follow":"follow","max-snippet":"max-snippet:-1","max-image-preview":"max-image-preview:large","max-video-preview":"max-video-preview:-1"},"canonical":"https:\/\/lesarchers-stmartinois.fr\/?page_id=92","og_locale":"en_US","og_type":"article","og_title":"Membres Dirigeants - Les Archers St Martinois","og_description":"Pr\u00e9sidente : Claudia JAKUSIC\u00a0 Vice-Pr\u00e9sident : Fran\u00e7ois KEMPA Tr\u00e9sorier : Quentin CLARETON Secr\u00e9taire : Anne Caroline GIRARD Membres du CA : Marion GIRARD, David OLIVE, Yann LORTHIOIR Entraineurs : Nicolas GIRARD (Technicien sportif), Stephan LORTHIOIR (Entra\u00eeneur 1), Audrey KIENER (Coach mental et Brevet d&#8217;Etat), Alan ALTADIL (Entra\u00eeneur F\u00e9d\u00e9ral) Encadrants\u00a0: Marion GIRARD, Claudia JAKUSIC, David OLIVE, [&hellip;]","og_url":"https:\/\/lesarchers-stmartinois.fr\/?page_id=92","og_site_name":"Les Archers St Martinois","article_modified_time":"2025-10-22T10:34:29+00:00","twitter_card":"summary_large_image","twitter_misc":{"Est. reading time":"1 minute"},"schema":{"@context":"https:\/\/schema.org","@graph":[{"@type":"WebPage","@id":"https:\/\/lesarchers-stmartinois.fr\/?page_id=92","url":"https:\/\/lesarchers-stmartinois.fr\/?page_id=92","name":"Membres Dirigeants - Les Archers St Martinois","isPartOf":{"@id":"https:\/\/lesarchers-stmartinois.fr\/#website"},"datePublished":"2018-08-30T15:33:35+00:00","dateModified":"2025-10-22T10:34:29+00:00","breadcrumb":{"@id":"https:\/\/lesarchers-stmartinois.fr\/?page_id=92#breadcrumb"},"inLanguage":"en-US","potentialAction":[{"@type":"ReadAction","target":["https:\/\/lesarchers-stmartinois.fr\/?page_id=92"]}]},{"@type":"BreadcrumbList","@id":"https:\/\/lesarchers-stmartinois.fr\/?page_id=92#breadcrumb","itemListElement":[{"@type":"ListItem","position":1,"name":"Home","item":"https:\/\/lesarchers-stmartinois.fr\/"},{"@type":"ListItem","position":2,"name":"Membres Dirigeants"}]},{"@type":"WebSite","@id":"https:\/\/lesarchers-stmartinois.fr\/#website","url":"https:\/\/lesarchers-stmartinois.fr\/","name":"Les Archers St Martinois","description":"Les Flamants Roses ","publisher":{"@id":"https:\/\/lesarchers-stmartinois.fr\/#organization"},"potentialAction":[{"@type":"SearchAction","target":{"@type":"EntryPoint","urlTemplate":"https:\/\/lesarchers-stmartinois.fr\/?s={search_term_string}"},"query-input":"required name=search_term_string"}],"inLanguage":"en-US"},{"@type":"Organization","@id":"https:\/\/lesarchers-stmartinois.fr\/#organization","name":"Les Archers St Martinois","url":"https:\/\/lesarchers-stmartinois.fr\/","logo":{"@type":"ImageObject","inLanguage":"en-US","@id":"https:\/\/lesarchers-stmartinois.fr\/#\/schema\/logo\/image\/","url":"https:\/\/lesarchers-stmartinois.fr\/wp-content\/uploads\/2022\/05\/cropped-Logo-club-2.jpg","contentUrl":"https:\/\/lesarchers-stmartinois.fr\/wp-content\/uploads\/2022\/05\/cropped-Logo-club-2.jpg","width":400,"height":571,"caption":"Les Archers St Martinois "},"image":{"@id":"https:\/\/lesarchers-stmartinois.fr\/#\/schema\/logo\/image\/"}}]}},"_links":{"self":[{"href":"https:\/\/lesarchers-stmartinois.fr\/index.php?rest_route=\/wp\/v2\/pages\/92"}],"collection":[{"href":"https:\/\/lesarchers-stmartinois.fr\/index.php?rest_route=\/wp\/v2\/pages"}],"about":[{"href":"https:\/\/lesarchers-stmartinois.fr\/index.php?rest_route=\/wp\/v2\/types\/page"}],"author":[{"embeddable":true,"href":"https:\/\/lesarchers-stmartinois.fr\/index.php?rest_route=\/wp\/v2\/users\/1"}],"replies":[{"embeddable":true,"href":"https:\/\/lesarchers-stmartinois.fr\/index.php?rest_route=%2Fwp%2Fv2%2Fcomments&post=92"}],"version-history":[{"count":13,"href":"https:\/\/lesarchers-stmartinois.fr\/index.php?rest_route=\/wp\/v2\/pages\/92\/revisions"}],"predecessor-version":[{"id":1009,"href":"https:\/\/lesarchers-stmartinois.fr\/index.php?rest_route=\/wp\/v2\/pages\/92\/revisions\/1009"}],"wp:attachment":[{"href":"https:\/\/lesarchers-stmartinois.fr\/index.php?rest_route=%2Fwp%2Fv2%2Fmedia&parent=92"}],"curies":[{"name":"wp","href":"https:\/\/api.w.org\/{rel}","templated":true}]}}