{"id":141,"date":"2018-08-30T17:37:38","date_gmt":"2018-08-30T15:37:38","guid":{"rendered":"http:\/\/lesarchers-stmartinois.fr\/?page_id=141"},"modified":"2023-04-22T16:04:14","modified_gmt":"2023-04-22T14:04:14","slug":"dr","status":"publish","type":"page","link":"https:\/\/lesarchers-stmartinois.fr\/?page_id=141","title":{"rendered":"EQUIPES"},"content":{"rendered":"<p><strong>DR &amp; D1 et parcours&nbsp;<\/strong><\/p>\n<p><em><strong>1\u00e8re Manche<\/strong><\/em> : du 5 au 7 mai, \u00e0 Smarves (D1) &amp; le 7 mai, \u00e0 Mandelieu la Napoule (DR).&nbsp;<\/p>\n<p><em><strong>2\u00e8me Manche<\/strong><\/em> : du 2 au 4 juin, \u00e0 Compi\u00e8gne (D1) &amp; le 4 juin, \u00e0 Monteux (DR).<\/p>\n<p><em><strong>3\u00e8me Manche<\/strong><\/em> : du 30 juin au 2 juillet, \u00e0 Bo\u00e9 (D1) &amp; le 2 juillet, \u00e0 Carpentras (DR).&nbsp;<\/p>\n<p><em><strong>Finales et France<\/strong>&nbsp;<\/em>:&nbsp;<\/p>\n\n\n<p>Deux \u00e9quipes D1 (homme et femme) poulies : 4\u00e8me en 2022, pour les deux \u00e9quipes !<\/p>\n\n\n\n<figure class=\"wp-block-image size-large\"><img decoding=\"async\" loading=\"lazy\" width=\"1024\" height=\"768\" src=\"https:\/\/lesarchers-stmartinois.fr\/wp-content\/uploads\/2023\/04\/equipe-d1-femme-1024x768.jpg\" alt=\"\" class=\"wp-image-900\" srcset=\"https:\/\/lesarchers-stmartinois.fr\/wp-content\/uploads\/2023\/04\/equipe-d1-femme-1024x768.jpg 1024w, https:\/\/lesarchers-stmartinois.fr\/wp-content\/uploads\/2023\/04\/equipe-d1-femme-300x225.jpg 300w, https:\/\/lesarchers-stmartinois.fr\/wp-content\/uploads\/2023\/04\/equipe-d1-femme-768x576.jpg 768w, https:\/\/lesarchers-stmartinois.fr\/wp-content\/uploads\/2023\/04\/equipe-d1-femme-1536x1152.jpg 1536w, https:\/\/lesarchers-stmartinois.fr\/wp-content\/uploads\/2023\/04\/equipe-d1-femme-600x450.jpg 600w, https:\/\/lesarchers-stmartinois.fr\/wp-content\/uploads\/2023\/04\/equipe-d1-femme.jpg 2048w\" sizes=\"(max-width: 1024px) 100vw, 1024px\" \/><\/figure>\n\n\n\n<figure class=\"wp-block-image size-large\"><img decoding=\"async\" loading=\"lazy\" width=\"1024\" height=\"767\" src=\"https:\/\/lesarchers-stmartinois.fr\/wp-content\/uploads\/2023\/04\/equipe-d1-homme-1024x767.jpg\" alt=\"\" class=\"wp-image-899\" srcset=\"https:\/\/lesarchers-stmartinois.fr\/wp-content\/uploads\/2023\/04\/equipe-d1-homme-1024x767.jpg 1024w, https:\/\/lesarchers-stmartinois.fr\/wp-content\/uploads\/2023\/04\/equipe-d1-homme-300x225.jpg 300w, https:\/\/lesarchers-stmartinois.fr\/wp-content\/uploads\/2023\/04\/equipe-d1-homme-768x575.jpg 768w, https:\/\/lesarchers-stmartinois.fr\/wp-content\/uploads\/2023\/04\/equipe-d1-homme-600x450.jpg 600w, https:\/\/lesarchers-stmartinois.fr\/wp-content\/uploads\/2023\/04\/equipe-d1-homme.jpg 1170w\" sizes=\"(max-width: 1024px) 100vw, 1024px\" \/><\/figure>\n\n\n\n<figure class=\"wp-block-image size-large\"><img decoding=\"async\" loading=\"lazy\" width=\"518\" height=\"1024\" src=\"https:\/\/lesarchers-stmartinois.fr\/wp-content\/uploads\/2023\/04\/337782094_1535559310303996_5458263713856343589_n-518x1024.jpg\" alt=\"\" class=\"wp-image-898\" srcset=\"https:\/\/lesarchers-stmartinois.fr\/wp-content\/uploads\/2023\/04\/337782094_1535559310303996_5458263713856343589_n-518x1024.jpg 518w, https:\/\/lesarchers-stmartinois.fr\/wp-content\/uploads\/2023\/04\/337782094_1535559310303996_5458263713856343589_n-152x300.jpg 152w, https:\/\/lesarchers-stmartinois.fr\/wp-content\/uploads\/2023\/04\/337782094_1535559310303996_5458263713856343589_n.jpg 719w\" sizes=\"(max-width: 518px) 100vw, 518px\" \/><\/figure>\n\n\n\n<p>Et une nouvelle \u00e9quipe DR homme classique ! <\/p>\n\n\n\n<p><\/p>\n\n\n\n<p><strong>Nature &amp; 3D <\/strong><\/p>\n\n\n\n<p>Championnes de France 2022 (3D) et Vice-championnes de France 2022 (Nature) ! <\/p>\n\n\n\n<figure class=\"wp-block-image size-full\"><img decoding=\"async\" loading=\"lazy\" width=\"750\" height=\"347\" src=\"https:\/\/lesarchers-stmartinois.fr\/wp-content\/uploads\/2023\/04\/equipe-nature.jpg\" alt=\"\" class=\"wp-image-897\" srcset=\"https:\/\/lesarchers-stmartinois.fr\/wp-content\/uploads\/2023\/04\/equipe-nature.jpg 750w, https:\/\/lesarchers-stmartinois.fr\/wp-content\/uploads\/2023\/04\/equipe-nature-300x139.jpg 300w\" sizes=\"(max-width: 750px) 100vw, 750px\" \/><\/figure>\n","protected":false},"excerpt":{"rendered":"<p>DR &amp; D1 et parcours&nbsp; 1\u00e8re Manche : du 5 au 7 mai, \u00e0 Smarves (D1) &amp; le 7 mai, \u00e0 Mandelieu la Napoule (DR).&nbsp; 2\u00e8me Manche : du 2 au 4 juin, \u00e0 Compi\u00e8gne (D1) &amp; le 4 juin, \u00e0 Monteux (DR). 3\u00e8me Manche : du 30 juin au 2 juillet, \u00e0 Bo\u00e9 (D1) [&hellip;]<\/p>\n","protected":false},"author":1,"featured_media":0,"parent":0,"menu_order":0,"comment_status":"closed","ping_status":"closed","template":"","meta":{"footnotes":""},"yoast_head":"<!-- This site is optimized with the Yoast SEO plugin v19.10 - https:\/\/yoast.com\/wordpress\/plugins\/seo\/ -->\n<title>EQUIPES - Les Archers St Martinois<\/title>\n<meta name=\"robots\" content=\"index, follow, max-snippet:-1, max-image-preview:large, max-video-preview:-1\" \/>\n<link rel=\"canonical\" href=\"https:\/\/lesarchers-stmartinois.fr\/?page_id=141\" \/>\n<meta property=\"og:locale\" content=\"en_US\" \/>\n<meta property=\"og:type\" content=\"article\" \/>\n<meta property=\"og:title\" content=\"EQUIPES - Les Archers St Martinois\" \/>\n<meta property=\"og:description\" content=\"DR &amp; D1 et parcours&nbsp; 1\u00e8re Manche : du 5 au 7 mai, \u00e0 Smarves (D1) &amp; le 7 mai, \u00e0 Mandelieu la Napoule (DR).&nbsp; 2\u00e8me Manche : du 2 au 4 juin, \u00e0 Compi\u00e8gne (D1) &amp; le 4 juin, \u00e0 Monteux (DR). 3\u00e8me Manche : du 30 juin au 2 juillet, \u00e0 Bo\u00e9 (D1) [&hellip;]\" \/>\n<meta property=\"og:url\" content=\"https:\/\/lesarchers-stmartinois.fr\/?page_id=141\" \/>\n<meta property=\"og:site_name\" content=\"Les Archers St Martinois\" \/>\n<meta property=\"article:modified_time\" content=\"2023-04-22T14:04:14+00:00\" \/>\n<meta property=\"og:image\" content=\"https:\/\/lesarchers-stmartinois.fr\/wp-content\/uploads\/2023\/04\/equipe-d1-femme-1024x768.jpg\" \/>\n<meta name=\"twitter:card\" content=\"summary_large_image\" \/>\n<meta name=\"twitter:label1\" content=\"Est. reading time\" \/>\n\t<meta name=\"twitter:data1\" content=\"2 minutes\" \/>\n<script type=\"application\/ld+json\" class=\"yoast-schema-graph\">{\"@context\":\"https:\/\/schema.org\",\"@graph\":[{\"@type\":\"WebPage\",\"@id\":\"https:\/\/lesarchers-stmartinois.fr\/?page_id=141\",\"url\":\"https:\/\/lesarchers-stmartinois.fr\/?page_id=141\",\"name\":\"EQUIPES - Les Archers St Martinois\",\"isPartOf\":{\"@id\":\"https:\/\/lesarchers-stmartinois.fr\/#website\"},\"datePublished\":\"2018-08-30T15:37:38+00:00\",\"dateModified\":\"2023-04-22T14:04:14+00:00\",\"breadcrumb\":{\"@id\":\"https:\/\/lesarchers-stmartinois.fr\/?page_id=141#breadcrumb\"},\"inLanguage\":\"en-US\",\"potentialAction\":[{\"@type\":\"ReadAction\",\"target\":[\"https:\/\/lesarchers-stmartinois.fr\/?page_id=141\"]}]},{\"@type\":\"BreadcrumbList\",\"@id\":\"https:\/\/lesarchers-stmartinois.fr\/?page_id=141#breadcrumb\",\"itemListElement\":[{\"@type\":\"ListItem\",\"position\":1,\"name\":\"Home\",\"item\":\"https:\/\/lesarchers-stmartinois.fr\/\"},{\"@type\":\"ListItem\",\"position\":2,\"name\":\"EQUIPES\"}]},{\"@type\":\"WebSite\",\"@id\":\"https:\/\/lesarchers-stmartinois.fr\/#website\",\"url\":\"https:\/\/lesarchers-stmartinois.fr\/\",\"name\":\"Les Archers St Martinois\",\"description\":\"Les Flamants Roses \",\"publisher\":{\"@id\":\"https:\/\/lesarchers-stmartinois.fr\/#organization\"},\"potentialAction\":[{\"@type\":\"SearchAction\",\"target\":{\"@type\":\"EntryPoint\",\"urlTemplate\":\"https:\/\/lesarchers-stmartinois.fr\/?s={search_term_string}\"},\"query-input\":\"required name=search_term_string\"}],\"inLanguage\":\"en-US\"},{\"@type\":\"Organization\",\"@id\":\"https:\/\/lesarchers-stmartinois.fr\/#organization\",\"name\":\"Les Archers St Martinois\",\"url\":\"https:\/\/lesarchers-stmartinois.fr\/\",\"logo\":{\"@type\":\"ImageObject\",\"inLanguage\":\"en-US\",\"@id\":\"https:\/\/lesarchers-stmartinois.fr\/#\/schema\/logo\/image\/\",\"url\":\"https:\/\/lesarchers-stmartinois.fr\/wp-content\/uploads\/2022\/05\/cropped-Logo-club-2.jpg\",\"contentUrl\":\"https:\/\/lesarchers-stmartinois.fr\/wp-content\/uploads\/2022\/05\/cropped-Logo-club-2.jpg\",\"width\":400,\"height\":571,\"caption\":\"Les Archers St Martinois \"},\"image\":{\"@id\":\"https:\/\/lesarchers-stmartinois.fr\/#\/schema\/logo\/image\/\"}}]}<\/script>\n<!-- \/ Yoast SEO plugin. -->","yoast_head_json":{"title":"EQUIPES - Les Archers St Martinois","robots":{"index":"index","follow":"follow","max-snippet":"max-snippet:-1","max-image-preview":"max-image-preview:large","max-video-preview":"max-video-preview:-1"},"canonical":"https:\/\/lesarchers-stmartinois.fr\/?page_id=141","og_locale":"en_US","og_type":"article","og_title":"EQUIPES - Les Archers St Martinois","og_description":"DR &amp; D1 et parcours&nbsp; 1\u00e8re Manche : du 5 au 7 mai, \u00e0 Smarves (D1) &amp; le 7 mai, \u00e0 Mandelieu la Napoule (DR).&nbsp; 2\u00e8me Manche : du 2 au 4 juin, \u00e0 Compi\u00e8gne (D1) &amp; le 4 juin, \u00e0 Monteux (DR). 3\u00e8me Manche : du 30 juin au 2 juillet, \u00e0 Bo\u00e9 (D1) [&hellip;]","og_url":"https:\/\/lesarchers-stmartinois.fr\/?page_id=141","og_site_name":"Les Archers St Martinois","article_modified_time":"2023-04-22T14:04:14+00:00","og_image":[{"url":"https:\/\/lesarchers-stmartinois.fr\/wp-content\/uploads\/2023\/04\/equipe-d1-femme-1024x768.jpg"}],"twitter_card":"summary_large_image","twitter_misc":{"Est. reading time":"2 minutes"},"schema":{"@context":"https:\/\/schema.org","@graph":[{"@type":"WebPage","@id":"https:\/\/lesarchers-stmartinois.fr\/?page_id=141","url":"https:\/\/lesarchers-stmartinois.fr\/?page_id=141","name":"EQUIPES - Les Archers St Martinois","isPartOf":{"@id":"https:\/\/lesarchers-stmartinois.fr\/#website"},"datePublished":"2018-08-30T15:37:38+00:00","dateModified":"2023-04-22T14:04:14+00:00","breadcrumb":{"@id":"https:\/\/lesarchers-stmartinois.fr\/?page_id=141#breadcrumb"},"inLanguage":"en-US","potentialAction":[{"@type":"ReadAction","target":["https:\/\/lesarchers-stmartinois.fr\/?page_id=141"]}]},{"@type":"BreadcrumbList","@id":"https:\/\/lesarchers-stmartinois.fr\/?page_id=141#breadcrumb","itemListElement":[{"@type":"ListItem","position":1,"name":"Home","item":"https:\/\/lesarchers-stmartinois.fr\/"},{"@type":"ListItem","position":2,"name":"EQUIPES"}]},{"@type":"WebSite","@id":"https:\/\/lesarchers-stmartinois.fr\/#website","url":"https:\/\/lesarchers-stmartinois.fr\/","name":"Les Archers St Martinois","description":"Les Flamants Roses ","publisher":{"@id":"https:\/\/lesarchers-stmartinois.fr\/#organization"},"potentialAction":[{"@type":"SearchAction","target":{"@type":"EntryPoint","urlTemplate":"https:\/\/lesarchers-stmartinois.fr\/?s={search_term_string}"},"query-input":"required name=search_term_string"}],"inLanguage":"en-US"},{"@type":"Organization","@id":"https:\/\/lesarchers-stmartinois.fr\/#organization","name":"Les Archers St Martinois","url":"https:\/\/lesarchers-stmartinois.fr\/","logo":{"@type":"ImageObject","inLanguage":"en-US","@id":"https:\/\/lesarchers-stmartinois.fr\/#\/schema\/logo\/image\/","url":"https:\/\/lesarchers-stmartinois.fr\/wp-content\/uploads\/2022\/05\/cropped-Logo-club-2.jpg","contentUrl":"https:\/\/lesarchers-stmartinois.fr\/wp-content\/uploads\/2022\/05\/cropped-Logo-club-2.jpg","width":400,"height":571,"caption":"Les Archers St Martinois "},"image":{"@id":"https:\/\/lesarchers-stmartinois.fr\/#\/schema\/logo\/image\/"}}]}},"_links":{"self":[{"href":"https:\/\/lesarchers-stmartinois.fr\/index.php?rest_route=\/wp\/v2\/pages\/141"}],"collection":[{"href":"https:\/\/lesarchers-stmartinois.fr\/index.php?rest_route=\/wp\/v2\/pages"}],"about":[{"href":"https:\/\/lesarchers-stmartinois.fr\/index.php?rest_route=\/wp\/v2\/types\/page"}],"author":[{"embeddable":true,"href":"https:\/\/lesarchers-stmartinois.fr\/index.php?rest_route=\/wp\/v2\/users\/1"}],"replies":[{"embeddable":true,"href":"https:\/\/lesarchers-stmartinois.fr\/index.php?rest_route=%2Fwp%2Fv2%2Fcomments&post=141"}],"version-history":[{"count":7,"href":"https:\/\/lesarchers-stmartinois.fr\/index.php?rest_route=\/wp\/v2\/pages\/141\/revisions"}],"predecessor-version":[{"id":909,"href":"https:\/\/lesarchers-stmartinois.fr\/index.php?rest_route=\/wp\/v2\/pages\/141\/revisions\/909"}],"wp:attachment":[{"href":"https:\/\/lesarchers-stmartinois.fr\/index.php?rest_route=%2Fwp%2Fv2%2Fmedia&parent=141"}],"curies":[{"name":"wp","href":"https:\/\/api.w.org\/{rel}","templated":true}]}}